 l(p) = -p**3 + 9*p**2 - 20*p - 1. Let r be l(4). What are the prime factors of (37 + -263)*r/1?
2, 113
Let d(l) = 3862*l**2 - 198*l - 761. What are the prime factors of d(-4)?
211, 293
Let w(k) = -28*k + 8. Suppose -x - 5*r - 51 = 3*x, 12 = -x - 2*r. What are the prime factors of w(x)?
2, 5
Let f(h) = -562*h + 6236. List the prime factors of f(-22).
2, 3, 5, 31
Suppose 10863 = -4*a + 12*a - 2889. What are the prime factors of a?
3, 191
Let c = -139 + 795. Let m = -433 + c. What are the prime factors of m?
223
Let k be (27/(-6))/(2/(-24)). Let n = k - 52. Suppose -109 = n*w - 377. What are the prime factors of w?
2, 67
Let r(y) be the first derivative of y**4 - y**3 + 3/2*y**2 - 26 - y. List the prime factors of r(2).
5
Suppose -3*g - 3417 = 2*b + 4369, -b - 5190 = 2*g. Let o = -1555 - g. List the prime factors of o.
1039
Let o = 107968 + -63748. List the prime factors of o.
2, 3, 5, 11, 67
Let y = 534 + -532. Suppose -3*z + 227 = -2*l - 35, -5*z + y*l + 430 = 0. What are the prime factors of z?
2, 3, 7
Let l = 5682 - 305. What are the prime factors of l?
19, 283
Suppose 25*p = 31*p - 12. Suppose -n = -3*y + p*y - 1, 0 = 3*n + 12. List the prime factors of 199 + -3 + 9 + y.
2, 5
Let w = 62 + -36. Let m = w - 23. Suppose -4 = -4*s, 0 = -m*l - s + 217 + 45. What are the prime factors of l?
3, 29
Let v = 6499 - 6410. What are the prime factors of v?
89
Let b = -1532 + 8096. List the prime factors of b.
2, 3, 547
Let k = 758 + -754. Let m(h) = 28*h**3 + 7*h**2 - 48*h - 4. List the prime factors of m(k).
2, 7, 61
List the prime factors of 138/621 - (-14929)/9.
3, 7, 79
Suppose -3*x = 2*x. Suppose 650 = 6*c + 121*c + 3*c. List the prime factors of c + 227 + (x - -5).
3, 79
Let r(v) = 13*v**2 + 3 - v**3 + 5 + 0 - 12*v. Let u be r(12). What are the prime factors of ((-123)/(-2))/((-4 + 8)/u)?
3, 41
Let b(t) = -2*t - 4. Let f be b(-3). Let u be (0 + 1/(-3))/(f/(-12)). Suppose -2*x = 3*w - 448, -w + u*x + 66 = -70. List the prime factors of w.
2, 73
Suppose 85*z - 87*z = -88. List the prime factors of (-4 - z/(-8))*1948/6.
487
Suppose 2*i + 3*i - 5 = 0. Let r(z) = -i + 4 - 4 - z**2 + z + z**3. List the prime factors of r(5).
2, 13
Suppose 4*v + 12 = 0, -8*z + 7*z + 26484 = 2*v. List the prime factors of z.
2, 3, 5, 883
Suppose -4*v - 4 = o, 0 = -v - 3*v - 3*o + 4. What are the prime factors of 328 - 3/((-3)/v)?
2, 163
Let i be (-36)/(-9)*2/8. Suppose 0 = 4*b - g - 2422, i = g - 1. What are the prime factors of b?
2, 3, 101
Let f(r) = 23*r + 27. Let a be f(0). Suppose -12*s - 9930 = -a*s. List the prime factors of s.
2, 331
Suppose -265*w = -48*w - 5231870. List the prime factors of w.
2, 5, 2411
Suppose 824 + 58448 = 21*m + 10*m. List the prime factors of m.
2, 239
Let f be (2/(-6))/((-18)/270). Suppose 4*g = -5*v + 5897, -8*v + f*v + 3*g = -3549. What are the prime factors of v?
1181
Suppose 0 = -22*u + 8*u + 27888. Let m = 2801 - u. Let l = m + -576. List the prime factors of l.
233
Let t(q) = -q**2 - 10*q - 6. Let w be t(-9). Suppose w*s + 205 = 3*y - 362, y - 193 = 2*s. List the prime factors of y.
5, 37
Let y = -514 + 1646. Suppose y = 9*f - 785. What are the prime factors of f?
3, 71
Let s = -25460 - -37740. List the prime factors of s.
2, 5, 307
Let g = 3 - -107. Suppose 5*o = 5*b - 105, 5*b - 5*o + o = g. What are the prime factors of b?
2, 13
Let w(f) = 2*f + 34. Suppose 3*i + 35 = 2*v, 4*v = 2*i + 2*v + 20. Let j be w(i). Suppose -j*g - 80 = -5*g. What are the prime factors of g?
2, 5
Let i be 30/8*(-80)/(-12). Suppose -29*y = -i*y + 3*g - 6846, -5*y + 2*g + 8569 = 0. List the prime factors of y.
3, 571
Let d be (-49)/(-14)*24/14. Suppose -d*m + 1061 = -721. List the prime factors of m.
3, 11
Suppose 165932 = 5*r + 5*q - 66778, -2*q + 46535 = r. What are the prime factors of r?
46549
Let z be 10283/4 + 2/(32/(-12)). Suppose 2*v + 8*v - z = 0. What are the prime factors of v?
257
Let v(b) = -89*b - 524. Let y be v(-6). Suppose x - 30 = -4*x. Suppose 0 = -y*o + 12*o - x. What are the prime factors of o?
3
Let r be 6/(-4)*(-6)/9*5. Let x(v) = 22*v - 23. Let k be x(r). Suppose -3*q + k = -6. List the prime factors of q.
31
Suppose -t = 4 - 7. Suppose t*w = 216 - 204. Suppose -w*p - 166 + 782 = 0. List the prime factors of p.
2, 7, 11
Suppose -3*v - 1 - 17 = 0. Let l(d) = d**3 + 7*d**2 - 2*d + 12. Let c be l(v). Suppose 0 = 2*w - k - c - 7, 3*w - 3*k - 96 = 0. What are the prime factors of w?
5, 7
List the prime factors of (307026/(-259))/((-1)/7).
2, 3, 461
Suppose -3*h = 9, -4*m = 4*h - 9 + 25. Suppose -7*j = -2091 - 275. List the prime factors of j/3 - m/3.
113
Let r = 112 - 108. Suppose -4*a - 5*w + 188 = -530, -2*a + 372 = -r*w. List the prime factors of a.
2, 7, 13
Let f = -7235 + 17846. List the prime factors of f.
3, 131
Let f = -46 + 79. Suppose -15381 - 3363 = -f*s. What are the prime factors of s?
2, 71
Let h be -6 - (4 + -4) - -10. Suppose h*s - 1741 = -5*d, 6*s = 11*s - 5*d - 2210. List the prime factors of s.
439
Suppose 3*o - 4*r + 511 = 0, -5*o = -4*r + 8*r + 841. Let l = 297 + o. Let i = l + -86. What are the prime factors of i?
2, 3, 7
What are the prime factors of 171557/184 + ((-75)/40)/5?
2, 233
Let u(l) = 2*l**3 - 15*l**2 - 2*l - 165. What are the prime factors of u(17)?
2, 3, 7
Suppose 34 = -2*l + 2*j, 2*l - 3*j = -8*j + 1. Let d be 0 - -6*(-472)/l. Let a = d + -112. List the prime factors of a.
2, 31
Suppose 2*v + 24 = -k + 4*k, -3*k - v = -15. Let h(x) = 121*x - 142. What are the prime factors of h(k)?
2, 73
Let k be (-2315)/(-5) + -2 + 0. Suppose -4*f = 121 - k. What are the prime factors of f?
5, 17
Let l = 51 + -118. Let f(t) = t**3 + 8*t**2 - 6*t + 7. Let a be f(-5). Let i = a + l. List the prime factors of i.
3, 5
Suppose 3*s + 31 = v, 18 + 31 = 4*v + 3*s. Suppose 2*k + v = 154. Suppose k = -3*o - 4*t + 649, 4 = t. List the prime factors of o.
2, 47
Suppose 5418*a + 503244 = 5436*a. List the prime factors of a.
2, 7, 1997
Let d be ((-30)/(-135) - (-2)/(-9)) + 7. Suppose -d*m - 516 = -13*m. What are the prime factors of m?
2, 43
Let q = 27 + -24. Suppose -3*v - l + 786 = 0, -1048 = -v - q*v + 4*l. List the prime factors of v.
2, 131
Suppose -16894 = -2*w + 2*s, -31*w + 8441 = -30*w - 2*s. List the prime factors of w.
79, 107
Let h be (0 + 1)/(5/5). Suppose -n - h = -2*n. Suppose -85 = -2*j - n. What are the prime factors of j?
2, 3, 7
Suppose -2*o = 2*l - 24, 5*l - 5 = 2*o - 15. Let s be o/(-4)*(1 - -1). Let w(y) = -y**3 - 3*y**2 + 8*y + 4. What are the prime factors of w(s)?
2, 7
Let b = -36 + 42. Suppose -v + b = d + 2, 4*d - 4 = -v. Suppose -5*t - f = -390, -5*f = -v*t + 7*t - 256. List the prime factors of t.
7, 11
Suppose -64*k + 59*k - 2*i = -64413, -5*i = k - 12855. What are the prime factors of k?
3, 5, 859
Suppose -3*k - k - 5*a + 4 = 0, -5*a - 20 = 0. Let f be ((-2)/(-4))/(1/(-18)). What are the prime factors of 2/((-6)/f*k/290)?
5, 29
Let v = 9555 - 5506. What are the prime factors of v?
4049
Let h(b) = b**3 - 5*b**2 - 12*b + 38. Let n be (-1128)/(-114) - 2/(-19). What are the prime factors of h(n)?
2, 11, 19
Let n be (-4)/((-32)/(-40)) + 12. Suppose 0 = m - c - 531, 5*m + 6*c = n*c + 2635. List the prime factors of m.
2, 263
Let w be ((-36)/63)/((-8)/364). List the prime factors of 1120/w - (-27)/(-351).
43
Let v(m) = -m**3 + 6*m**2 + 17*m - 10. Let z be v(8). What are the prime factors of 1 + ((-30)/(-6) - 270/z)?
3, 47
Suppose -48*a - 14 = -46*a, 0 = -2*c + a + 110797. List the prime factors of c.
3, 5, 1231
Let r(i) = 59 - 991*i + 1931*i - 990*i. List the prime factors of r(-7).
409
Let y(q) be the second derivative of q**5/20 + 7*q**4/12 - 5*q**3/6 - 9*q**2/2 + 8*q. Let o be y(-7). What are the prime factors of 4 + -12*o/(-4)?
2, 41
Let h be (0 - 9)*(-13)/39. Suppose y - 11 + 9 = 0, 16 = -h*p + 5*y. What are the prime factors of (-6*p/3)/((-4)/(-134))?
2, 67
What are the prime factors of (-26884 + -1)*((-42)/(-175))/((-6)/10)?
2, 19, 283
Let u be (160/120)/(2/(-3)). What are the prime factors of (16/(-48))/(u/8706)?
1451
Let p(f) = -11*f - 209. Let l be p(-19). List the prime factors of (-6 + 2812/8)*(l - -2).
691
Suppose -5*j - 214 = 921. Let x = -6548 + 6453. Let t = x - j. List the prime factors of t.
2, 3, 11
Let c(z) = -z**2 + 3*z + 177. Suppose 3*k = -4*t + 4, -4 = 70*k - 71*k - 4*t. List the 